{"id":676,"date":"2025-04-20T18:22:56","date_gmt":"2025-04-20T15:22:56","guid":{"rendered":"https:\/\/www.idealdent.net\/bredent-medical\/?page_id=676"},"modified":"2025-04-20T21:46:02","modified_gmt":"2025-04-20T18:46:02","slug":"konik-baglanti-kemik-seviyesinde-implantlar","status":"publish","type":"page","link":"https:\/\/www.idealdent.net\/bredent-medical\/konik-baglanti-kemik-seviyesinde-implantlar\/","title":{"rendered":"Konik Ba\u011flant\u0131 &#8211; Kemik seviyesinde implantlar"},"content":{"rendered":"\t\t<div data-elementor-type=\"wp-page\" data-elementor-id=\"676\" class=\"elementor elementor-676\" data-elementor-post-type=\"page\">\n\t\t\t\t<div class=\"elementor-element elementor-element-7cc6e8e e-con-full e-flex e-con e-parent\" data-id=\"7cc6e8e\" data-element_type=\"container\" data-settings=\"{&quot;background_background&quot;:&quot;classic&quot;}\">\n\t\t<div class=\"elementor-element elementor-element-afa7e76 e-con-full e-flex elementor-invisible e-con e-child\" data-id=\"afa7e76\" data-element_type=\"container\" data-settings=\"{&quot;animation&quot;:&quot;zoomIn&quot;}\">\n\t\t\t\t<div class=\"elementor-element elementor-element-3557830 elementor-widget elementor-widget-heading\" data-id=\"3557830\" data-element_type=\"widget\" data-widget_type=\"heading.default\">\n\t\t\t\t<div class=\"elementor-widget-container\">\n\t\t\t\t\t<h2 class=\"elementor-heading-title elementor-size-default\">Konik Ba\u011flant\u0131\n\n<\/h2>\t\t\t\t<\/div>\n\t\t\t\t<\/div>\n\t\t\t\t<div class=\"elementor-element elementor-element-dc46bb1 elementor-widget elementor-widget-heading\" data-id=\"dc46bb1\" data-element_type=\"widget\" data-widget_type=\"heading.default\">\n\t\t\t\t<div class=\"elementor-widget-container\">\n\t\t\t\t\t<h2 class=\"elementor-heading-title elementor-size-default\">Kemik Seviyesinde \u0130mplantlar\n\n<\/h2>\t\t\t\t<\/div>\n\t\t\t\t<\/div>\n\t\t\t\t<\/div>\n\t\t<div class=\"elementor-element elementor-element-5beff7d e-flex e-con-boxed e-con e-child\" data-id=\"5beff7d\" data-element_type=\"container\">\n\t\t\t\t\t<div class=\"e-con-inner\">\n\t\t\t\t<div class=\"elementor-element elementor-element-09d1fb4 elementor-widget elementor-widget-image\" data-id=\"09d1fb4\" data-element_type=\"widget\" data-widget_type=\"image.default\">\n\t\t\t\t<div class=\"elementor-widget-container\">\n\t\t\t\t\t\t\t\t\t\t\t\t\t\t\t<img fetchpriority=\"high\" decoding=\"async\" width=\"578\" height=\"528\" src=\"https:\/\/www.idealdent.net\/bredent-medical\/wp-content\/uploads\/2025\/04\/copaSKY_connical_parallel_connection_implant.png\" class=\"attachment-large size-large wp-image-678\" alt=\"\" srcset=\"https:\/\/www.idealdent.net\/bredent-medical\/wp-content\/uploads\/2025\/04\/copaSKY_connical_parallel_connection_implant.png 578w, https:\/\/www.idealdent.net\/bredent-medical\/wp-content\/uploads\/2025\/04\/copaSKY_connical_parallel_connection_implant-300x274.png 300w, https:\/\/www.idealdent.net\/bredent-medical\/wp-content\/uploads\/2025\/04\/copaSKY_connical_parallel_connection_implant-82x75.png 82w, https:\/\/www.idealdent.net\/bredent-medical\/wp-content\/uploads\/2025\/04\/copaSKY_connical_parallel_connection_implant-480x438.png 480w\" sizes=\"(max-width:767px) 480px, 578px\" \/>\t\t\t\t\t\t\t\t\t\t\t\t\t\t\t<\/div>\n\t\t\t\t<\/div>\n\t\t\t\t\t<\/div>\n\t\t\t\t<\/div>\n\t\t\t\t<\/div>\n\t\t<div class=\"elementor-element elementor-element-23b29c3 e-flex e-con-boxed e-con e-parent\" data-id=\"23b29c3\" data-element_type=\"container\">\n\t\t\t\t\t<div class=\"e-con-inner\">\n\t\t<div class=\"elementor-element elementor-element-19e17c0 e-con-full e-flex e-con e-child\" data-id=\"19e17c0\" data-element_type=\"container\" data-settings=\"{&quot;background_background&quot;:&quot;classic&quot;}\">\n\t\t<div class=\"elementor-element elementor-element-1808e64 e-con-full e-flex e-con e-child\" data-id=\"1808e64\" data-element_type=\"container\">\n\t\t\t\t<div class=\"elementor-element elementor-element-2d14cc5 elementor-widget elementor-widget-heading\" data-id=\"2d14cc5\" data-element_type=\"widget\" data-widget_type=\"heading.default\">\n\t\t\t\t<div class=\"elementor-widget-container\">\n\t\t\t\t\t<h2 class=\"elementor-heading-title elementor-size-default\">Konik-Paralel \u0130mplant\u0131m\u0131z\n<\/h2>\t\t\t\t<\/div>\n\t\t\t\t<\/div>\n\t\t\t\t<\/div>\n\t\t<div class=\"elementor-element elementor-element-3cde4f1 e-con-full e-flex e-con e-child\" data-id=\"3cde4f1\" data-element_type=\"container\">\n\t\t<div class=\"elementor-element elementor-element-22e054b e-con-full e-flex e-con e-child\" data-id=\"22e054b\" data-element_type=\"container\">\n\t\t\t\t<div class=\"elementor-element elementor-element-93ace2a elementor-invisible elementor-widget elementor-widget-image\" data-id=\"93ace2a\" data-element_type=\"widget\" data-settings=\"{&quot;_animation&quot;:&quot;fadeIn&quot;}\" data-widget_type=\"image.default\">\n\t\t\t\t<div class=\"elementor-widget-container\">\n\t\t\t\t\t\t\t\t\t\t\t\t\t\t\t<img decoding=\"async\" width=\"600\" height=\"600\" src=\"https:\/\/www.idealdent.net\/bredent-medical\/wp-content\/uploads\/2025\/04\/copaSKY_UltraShort_featured.jpg\" class=\"attachment-large size-large wp-image-679\" alt=\"\" srcset=\"https:\/\/www.idealdent.net\/bredent-medical\/wp-content\/uploads\/2025\/04\/copaSKY_UltraShort_featured.jpg 600w, https:\/\/www.idealdent.net\/bredent-medical\/wp-content\/uploads\/2025\/04\/copaSKY_UltraShort_featured-300x300.jpg 300w, https:\/\/www.idealdent.net\/bredent-medical\/wp-content\/uploads\/2025\/04\/copaSKY_UltraShort_featured-150x150.jpg 150w, https:\/\/www.idealdent.net\/bredent-medical\/wp-content\/uploads\/2025\/04\/copaSKY_UltraShort_featured-75x75.jpg 75w, https:\/\/www.idealdent.net\/bredent-medical\/wp-content\/uploads\/2025\/04\/copaSKY_UltraShort_featured-480x480.jpg 480w\" sizes=\"(max-width:767px) 480px, 600px\" \/>\t\t\t\t\t\t\t\t\t\t\t\t\t\t\t<\/div>\n\t\t\t\t<\/div>\n\t\t\t\t<div class=\"elementor-element elementor-element-512b2bc elementor-align-center elementor-widget elementor-widget-button\" data-id=\"512b2bc\" data-element_type=\"widget\" data-widget_type=\"button.default\">\n\t\t\t\t<div class=\"elementor-widget-container\">\n\t\t\t\t\t\t\t\t\t<div class=\"elementor-button-wrapper\">\n\t\t\t\t\t<a class=\"elementor-button elementor-button-link elementor-size-sm\" href=\"https:\/\/www.idealdent.net\/bredent-medical\/copasky-ultra-kisa-implant\/\">\n\t\t\t\t\t\t<span class=\"elementor-button-content-wrapper\">\n\t\t\t\t\t\t\t\t\t<span class=\"elementor-button-text\">copaSKY - Ultra K\u0131sa<\/span>\n\t\t\t\t\t<\/span>\n\t\t\t\t\t<\/a>\n\t\t\t\t<\/div>\n\t\t\t\t\t\t\t\t<\/div>\n\t\t\t\t<\/div>\n\t\t\t\t<\/div>\n\t\t<div class=\"elementor-element elementor-element-bcc594a e-con-full e-flex e-con e-child\" data-id=\"bcc594a\" data-element_type=\"container\">\n\t\t\t\t<div class=\"elementor-element elementor-element-02da3e0 elementor-invisible elementor-widget elementor-widget-image\" data-id=\"02da3e0\" data-element_type=\"widget\" data-settings=\"{&quot;_animation&quot;:&quot;fadeIn&quot;}\" data-widget_type=\"image.default\">\n\t\t\t\t<div class=\"elementor-widget-container\">\n\t\t\t\t\t\t\t\t\t\t\t\t\t\t\t<img decoding=\"async\" width=\"252\" height=\"500\" src=\"https:\/\/www.idealdent.net\/bredent-medical\/wp-content\/uploads\/2025\/04\/copaSKY-long-version.jpg\" class=\"attachment-large size-large wp-image-664\" alt=\"\" srcset=\"https:\/\/www.idealdent.net\/bredent-medical\/wp-content\/uploads\/2025\/04\/copaSKY-long-version.jpg 252w, https:\/\/www.idealdent.net\/bredent-medical\/wp-content\/uploads\/2025\/04\/copaSKY-long-version-151x300.jpg 151w, https:\/\/www.idealdent.net\/bredent-medical\/wp-content\/uploads\/2025\/04\/copaSKY-long-version-38x75.jpg 38w\" sizes=\"(max-width:767px) 252px, 252px\" \/>\t\t\t\t\t\t\t\t\t\t\t\t\t\t\t<\/div>\n\t\t\t\t<\/div>\n\t\t\t\t<div class=\"elementor-element elementor-element-00f43b7 elementor-align-center elementor-widget elementor-widget-button\" data-id=\"00f43b7\" data-element_type=\"widget\" data-widget_type=\"button.default\">\n\t\t\t\t<div class=\"elementor-widget-container\">\n\t\t\t\t\t\t\t\t\t<div class=\"elementor-button-wrapper\">\n\t\t\t\t\t<a class=\"elementor-button elementor-button-link elementor-size-sm\" href=\"https:\/\/www.idealdent.net\/bredent-medical\/copasky-konik-paralel-implant\/\">\n\t\t\t\t\t\t<span class=\"elementor-button-content-wrapper\">\n\t\t\t\t\t\t\t\t\t<span class=\"elementor-button-text\">copaSKY<\/span>\n\t\t\t\t\t<\/span>\n\t\t\t\t\t<\/a>\n\t\t\t\t<\/div>\n\t\t\t\t\t\t\t\t<\/div>\n\t\t\t\t<\/div>\n\t\t\t\t<\/div>\n\t\t\t\t<\/div>\n\t\t\t\t<\/div>\n\t\t\t\t\t<\/div>\n\t\t\t\t<\/div>\n\t\t\t\t<\/div>\n\t\t","protected":false},"excerpt":{"rendered":"<p>Konik Ba\u011flant\u0131 Kemik Seviyesinde \u0130mplantlar Konik-Paralel \u0130mplant\u0131m\u0131z copaSKY &#8211; Ultra K\u0131sa copaSKY<\/p>\n","protected":false},"author":2,"featured_media":0,"parent":0,"menu_order":0,"comment_status":"closed","ping_status":"closed","template":"elementor_header_footer","meta":{"inline_featured_image":false,"footnotes":""},"class_list":["post-676","page","type-page","status-publish","hentry"],"_links":{"self":[{"href":"https:\/\/www.idealdent.net\/bredent-medical\/wp-json\/wp\/v2\/pages\/676","targetHints":{"allow":["GET"]}}],"collection":[{"href":"https:\/\/www.idealdent.net\/bredent-medical\/wp-json\/wp\/v2\/pages"}],"about":[{"href":"https:\/\/www.idealdent.net\/bredent-medical\/wp-json\/wp\/v2\/types\/page"}],"author":[{"embeddable":true,"href":"https:\/\/www.idealdent.net\/bredent-medical\/wp-json\/wp\/v2\/users\/2"}],"replies":[{"embeddable":true,"href":"https:\/\/www.idealdent.net\/bredent-medical\/wp-json\/wp\/v2\/comments?post=676"}],"version-history":[{"count":7,"href":"https:\/\/www.idealdent.net\/bredent-medical\/wp-json\/wp\/v2\/pages\/676\/revisions"}],"predecessor-version":[{"id":771,"href":"https:\/\/www.idealdent.net\/bredent-medical\/wp-json\/wp\/v2\/pages\/676\/revisions\/771"}],"wp:attachment":[{"href":"https:\/\/www.idealdent.net\/bredent-medical\/wp-json\/wp\/v2\/media?parent=676"}],"curies":[{"name":"wp","href":"https:\/\/api.w.org\/{rel}","templated":true}]}}