{"id":546,"date":"2025-04-17T02:53:40","date_gmt":"2025-04-16T23:53:40","guid":{"rendered":"https:\/\/www.idealdent.net\/bredent-medical\/?page_id=546"},"modified":"2025-04-17T02:57:57","modified_gmt":"2025-04-16T23:57:57","slug":"sky-cerrahi-set-her-implant-icin-tek-set","status":"publish","type":"page","link":"https:\/\/www.idealdent.net\/bredent-medical\/sky-cerrahi-set-her-implant-icin-tek-set\/","title":{"rendered":"SKY Cerrahi Set &#8211; Her \u0130mplant i\u00e7in Tek Set"},"content":{"rendered":"\t\t<div data-elementor-type=\"wp-page\" data-elementor-id=\"546\" class=\"elementor elementor-546\" data-elementor-post-type=\"page\">\n\t\t\t\t<div class=\"elementor-element elementor-element-7cc6e8e e-con-full e-flex e-con e-parent\" data-id=\"7cc6e8e\" data-element_type=\"container\" data-settings=\"{&quot;background_background&quot;:&quot;classic&quot;}\">\n\t\t<div class=\"elementor-element elementor-element-afa7e76 e-con-full e-flex elementor-invisible e-con e-child\" data-id=\"afa7e76\" data-element_type=\"container\" data-settings=\"{&quot;animation&quot;:&quot;zoomIn&quot;}\">\n\t\t\t\t<div class=\"elementor-element elementor-element-5f97c0b elementor-widget elementor-widget-image\" data-id=\"5f97c0b\" data-element_type=\"widget\" data-widget_type=\"image.default\">\n\t\t\t\t<div class=\"elementor-widget-container\">\n\t\t\t\t\t\t\t\t\t\t\t\t\t\t\t<img fetchpriority=\"high\" decoding=\"async\" width=\"800\" height=\"709\" src=\"https:\/\/www.idealdent.net\/bredent-medical\/wp-content\/uploads\/2025\/04\/SKYOT10B_complete-set-1.jpg\" class=\"attachment-large size-large wp-image-549\" alt=\"\" srcset=\"https:\/\/www.idealdent.net\/bredent-medical\/wp-content\/uploads\/2025\/04\/SKYOT10B_complete-set-1.jpg 800w, https:\/\/www.idealdent.net\/bredent-medical\/wp-content\/uploads\/2025\/04\/SKYOT10B_complete-set-1-300x266.jpg 300w, https:\/\/www.idealdent.net\/bredent-medical\/wp-content\/uploads\/2025\/04\/SKYOT10B_complete-set-1-768x681.jpg 768w, https:\/\/www.idealdent.net\/bredent-medical\/wp-content\/uploads\/2025\/04\/SKYOT10B_complete-set-1-85x75.jpg 85w, https:\/\/www.idealdent.net\/bredent-medical\/wp-content\/uploads\/2025\/04\/SKYOT10B_complete-set-1-480x425.jpg 480w\" sizes=\"(max-width:767px) 480px, (max-width:800px) 100vw, 800px\" \/>\t\t\t\t\t\t\t\t\t\t\t\t\t\t\t<\/div>\n\t\t\t\t<\/div>\n\t\t\t\t<\/div>\n\t\t<div class=\"elementor-element elementor-element-5beff7d e-flex e-con-boxed e-con e-child\" data-id=\"5beff7d\" data-element_type=\"container\">\n\t\t\t\t\t<div class=\"e-con-inner\">\n\t\t\t\t<div class=\"elementor-element elementor-element-09d1fb4 elementor-widget elementor-widget-image\" data-id=\"09d1fb4\" data-element_type=\"widget\" data-widget_type=\"image.default\">\n\t\t\t\t<div class=\"elementor-widget-container\">\n\t\t\t\t\t\t\t\t\t\t\t\t\t\t\t<img decoding=\"async\" width=\"697\" height=\"386\" src=\"https:\/\/www.idealdent.net\/bredent-medical\/wp-content\/uploads\/2025\/04\/Druckdaten-monochrome-white_SKY-OP-Tray-100.png\" class=\"attachment-large size-large wp-image-548\" alt=\"\" srcset=\"https:\/\/www.idealdent.net\/bredent-medical\/wp-content\/uploads\/2025\/04\/Druckdaten-monochrome-white_SKY-OP-Tray-100.png 697w, https:\/\/www.idealdent.net\/bredent-medical\/wp-content\/uploads\/2025\/04\/Druckdaten-monochrome-white_SKY-OP-Tray-100-300x166.png 300w, https:\/\/www.idealdent.net\/bredent-medical\/wp-content\/uploads\/2025\/04\/Druckdaten-monochrome-white_SKY-OP-Tray-100-135x75.png 135w, https:\/\/www.idealdent.net\/bredent-medical\/wp-content\/uploads\/2025\/04\/Druckdaten-monochrome-white_SKY-OP-Tray-100-480x266.png 480w\" sizes=\"(max-width:767px) 480px, 697px\" \/>\t\t\t\t\t\t\t\t\t\t\t\t\t\t\t<\/div>\n\t\t\t\t<\/div>\n\t\t\t\t\t<\/div>\n\t\t\t\t<\/div>\n\t\t\t\t<\/div>\n\t\t<div class=\"elementor-element elementor-element-113bd65a e-flex e-con-boxed e-con e-parent\" data-id=\"113bd65a\" data-element_type=\"container\">\n\t\t\t\t\t<div class=\"e-con-inner\">\n\t\t<div class=\"elementor-element elementor-element-531a082 e-con-full e-flex e-con e-child\" data-id=\"531a082\" data-element_type=\"container\" data-settings=\"{&quot;background_background&quot;:&quot;classic&quot;}\">\n\t\t<div class=\"elementor-element elementor-element-1dc3650e e-con-full e-flex e-con e-child\" data-id=\"1dc3650e\" data-element_type=\"container\">\n\t\t\t\t<div class=\"elementor-element elementor-element-1475d7e9 elementor-widget elementor-widget-heading\" data-id=\"1475d7e9\" data-element_type=\"widget\" data-widget_type=\"heading.default\">\n\t\t\t\t<div class=\"elementor-widget-container\">\n\t\t\t\t\t<h2 class=\"elementor-heading-title elementor-size-default\">T\u00fcm SKY implant sistemi i\u00e7in tek set\n<\/h2>\t\t\t\t<\/div>\n\t\t\t\t<\/div>\n\t\t\t\t<div class=\"elementor-element elementor-element-1400533 elementor-widget elementor-widget-heading\" data-id=\"1400533\" data-element_type=\"widget\" data-widget_type=\"heading.default\">\n\t\t\t\t<div class=\"elementor-widget-container\">\n\t\t\t\t\t<h2 class=\"elementor-heading-title elementor-size-default\">OP Tray OT 100, SKY implantlar\u0131n\u0131n tamam\u0131n\u0131 idare etmenizi ve kullanman\u0131z\u0131 sa\u011flar. Yeni, ultra k\u0131sa copaSKY implant sistemi dahil olmak \u00fczere, SKY implant sisteminin drill\u2019leri ve aletleri i\u00e7in yuvalar sa\u011flar. \n\n<\/h2>\t\t\t\t<\/div>\n\t\t\t\t<\/div>\n\t\t\t\t<div class=\"elementor-element elementor-element-200c1c8 elementor-widget elementor-widget-heading\" data-id=\"200c1c8\" data-element_type=\"widget\" data-widget_type=\"heading.default\">\n\t\t\t\t<div class=\"elementor-widget-container\">\n\t\t\t\t\t<h2 class=\"elementor-heading-title elementor-size-default\">Ayr\u0131ca, kompakt boyut sayesinde OP Tray\u2019i termal dezenfekt\u00f6rde temizlemek m\u00fcmk\u00fcnd\u00fcr. Sonu\u00e7 olarak, mevcut hijyen kurallar\u0131n\u0131n t\u00fcm gereksinimlerine uyuyorsunuz. Yer tasarrufu sa\u011flar ve asistan\u0131n\u0131z i\u00e7in aletlerin anla\u015f\u0131lmas\u0131n\u0131 kolayla\u015ft\u0131r\u0131r.<\/h2>\t\t\t\t<\/div>\n\t\t\t\t<\/div>\n\t\t\t\t<\/div>\n\t\t\t\t<\/div>\n\t\t\t\t\t<\/div>\n\t\t\t\t<\/div>\n\t\t<div class=\"elementor-element elementor-element-23b29c3 e-flex e-con-boxed e-con e-parent\" data-id=\"23b29c3\" data-element_type=\"container\">\n\t\t\t\t\t<div class=\"e-con-inner\">\n\t\t<div class=\"elementor-element elementor-element-19e17c0 e-con-full e-flex e-con e-child\" data-id=\"19e17c0\" data-element_type=\"container\" data-settings=\"{&quot;background_background&quot;:&quot;classic&quot;}\">\n\t\t<div class=\"elementor-element elementor-element-3cde4f1 e-con-full e-flex e-con e-child\" data-id=\"3cde4f1\" data-element_type=\"container\">\n\t\t<div class=\"elementor-element elementor-element-9922b84 e-con-full e-flex e-con e-child\" data-id=\"9922b84\" data-element_type=\"container\">\n\t\t\t\t<div class=\"elementor-element elementor-element-0cf4e19 elementor-widget elementor-widget-heading\" data-id=\"0cf4e19\" data-element_type=\"widget\" data-widget_type=\"heading.default\">\n\t\t\t\t<div class=\"elementor-widget-container\">\n\t\t\t\t\t<h2 class=\"elementor-heading-title elementor-size-default\">SKY OP-Tray 100 Temeli\n<\/h2>\t\t\t\t<\/div>\n\t\t\t\t<\/div>\n\t\t\t\t<div class=\"elementor-element elementor-element-77fd887 elementor-widget elementor-widget-image\" data-id=\"77fd887\" data-element_type=\"widget\" data-widget_type=\"image.default\">\n\t\t\t\t<div class=\"elementor-widget-container\">\n\t\t\t\t\t\t\t\t\t\t\t\t\t\t\t<img fetchpriority=\"high\" decoding=\"async\" width=\"800\" height=\"709\" src=\"https:\/\/www.idealdent.net\/bredent-medical\/wp-content\/uploads\/2025\/04\/SKYOT10B_complete-set-1.jpg\" class=\"attachment-large size-large wp-image-549\" alt=\"\" srcset=\"https:\/\/www.idealdent.net\/bredent-medical\/wp-content\/uploads\/2025\/04\/SKYOT10B_complete-set-1.jpg 800w, https:\/\/www.idealdent.net\/bredent-medical\/wp-content\/uploads\/2025\/04\/SKYOT10B_complete-set-1-300x266.jpg 300w, https:\/\/www.idealdent.net\/bredent-medical\/wp-content\/uploads\/2025\/04\/SKYOT10B_complete-set-1-768x681.jpg 768w, https:\/\/www.idealdent.net\/bredent-medical\/wp-content\/uploads\/2025\/04\/SKYOT10B_complete-set-1-85x75.jpg 85w, https:\/\/www.idealdent.net\/bredent-medical\/wp-content\/uploads\/2025\/04\/SKYOT10B_complete-set-1-480x425.jpg 480w\" sizes=\"(max-width:767px) 480px, (max-width:800px) 100vw, 800px\" \/>\t\t\t\t\t\t\t\t\t\t\t\t\t\t\t<\/div>\n\t\t\t\t<\/div>\n\t\t\t\t<\/div>\n\t\t<div class=\"elementor-element elementor-element-68d139d e-con-full e-flex e-con e-child\" data-id=\"68d139d\" data-element_type=\"container\">\n\t\t\t\t<div class=\"elementor-element elementor-element-1bfa43f elementor-widget elementor-widget-heading\" data-id=\"1bfa43f\" data-element_type=\"widget\" data-widget_type=\"heading.default\">\n\t\t\t\t<div class=\"elementor-widget-container\">\n\t\t\t\t\t<h2 class=\"elementor-heading-title elementor-size-default\">Upgrade Kitler\n<\/h2>\t\t\t\t<\/div>\n\t\t\t\t<\/div>\n\t\t<div class=\"elementor-element elementor-element-8d8b014 e-con-full e-flex e-con e-child\" data-id=\"8d8b014\" data-element_type=\"container\">\n\t\t\t\t<div class=\"elementor-element elementor-element-407d95e elementor-widget elementor-widget-image\" data-id=\"407d95e\" data-element_type=\"widget\" data-widget_type=\"image.default\">\n\t\t\t\t<div class=\"elementor-widget-container\">\n\t\t\t\t\t\t\t\t\t\t\t\t\t\t\t<img decoding=\"async\" width=\"492\" height=\"290\" src=\"https:\/\/www.idealdent.net\/bredent-medical\/wp-content\/uploads\/2025\/04\/SKY_Upgrade_Kit-new.jpg\" class=\"attachment-large size-large wp-image-551\" alt=\"\" srcset=\"https:\/\/www.idealdent.net\/bredent-medical\/wp-content\/uploads\/2025\/04\/SKY_Upgrade_Kit-new.jpg 492w, https:\/\/www.idealdent.net\/bredent-medical\/wp-content\/uploads\/2025\/04\/SKY_Upgrade_Kit-new-300x177.jpg 300w, https:\/\/www.idealdent.net\/bredent-medical\/wp-content\/uploads\/2025\/04\/SKY_Upgrade_Kit-new-127x75.jpg 127w, https:\/\/www.idealdent.net\/bredent-medical\/wp-content\/uploads\/2025\/04\/SKY_Upgrade_Kit-new-480x283.jpg 480w\" sizes=\"(max-width:767px) 480px, 492px\" \/>\t\t\t\t\t\t\t\t\t\t\t\t\t\t\t<\/div>\n\t\t\t\t<\/div>\n\t\t\t\t<div class=\"elementor-element elementor-element-86bbd01 elementor-widget elementor-widget-image\" data-id=\"86bbd01\" data-element_type=\"widget\" data-widget_type=\"image.default\">\n\t\t\t\t<div class=\"elementor-widget-container\">\n\t\t\t\t\t\t\t\t\t\t\t\t\t\t\t<img loading=\"lazy\" decoding=\"async\" width=\"442\" height=\"290\" src=\"https:\/\/www.idealdent.net\/bredent-medical\/wp-content\/uploads\/2025\/04\/miniSKY-Upgrade_Kit_new.jpg\" class=\"attachment-large size-large wp-image-552\" alt=\"\" srcset=\"https:\/\/www.idealdent.net\/bredent-medical\/wp-content\/uploads\/2025\/04\/miniSKY-Upgrade_Kit_new.jpg 442w, https:\/\/www.idealdent.net\/bredent-medical\/wp-content\/uploads\/2025\/04\/miniSKY-Upgrade_Kit_new-300x197.jpg 300w, https:\/\/www.idealdent.net\/bredent-medical\/wp-content\/uploads\/2025\/04\/miniSKY-Upgrade_Kit_new-114x75.jpg 114w\" sizes=\"(max-width:767px) 442px, 442px\" \/>\t\t\t\t\t\t\t\t\t\t\t\t\t\t\t<\/div>\n\t\t\t\t<\/div>\n\t\t\t\t<\/div>\n\t\t<div class=\"elementor-element elementor-element-a405ec0 e-con-full e-flex e-con e-child\" data-id=\"a405ec0\" data-element_type=\"container\">\n\t\t\t\t<div class=\"elementor-element elementor-element-3b8faca elementor-widget elementor-widget-image\" data-id=\"3b8faca\" data-element_type=\"widget\" data-widget_type=\"image.default\">\n\t\t\t\t<div class=\"elementor-widget-container\">\n\t\t\t\t\t\t\t\t\t\t\t\t\t\t\t<img loading=\"lazy\" decoding=\"async\" width=\"444\" height=\"290\" src=\"https:\/\/www.idealdent.net\/bredent-medical\/wp-content\/uploads\/2025\/04\/whiteSKY_Upgrade_Kit-new.jpg\" class=\"attachment-large size-large wp-image-553\" alt=\"\" srcset=\"https:\/\/www.idealdent.net\/bredent-medical\/wp-content\/uploads\/2025\/04\/whiteSKY_Upgrade_Kit-new.jpg 444w, https:\/\/www.idealdent.net\/bredent-medical\/wp-content\/uploads\/2025\/04\/whiteSKY_Upgrade_Kit-new-300x196.jpg 300w, https:\/\/www.idealdent.net\/bredent-medical\/wp-content\/uploads\/2025\/04\/whiteSKY_Upgrade_Kit-new-115x75.jpg 115w\" sizes=\"(max-width:767px) 444px, 444px\" \/>\t\t\t\t\t\t\t\t\t\t\t\t\t\t\t<\/div>\n\t\t\t\t<\/div>\n\t\t\t\t<div class=\"elementor-element elementor-element-58a6758 elementor-widget elementor-widget-image\" data-id=\"58a6758\" data-element_type=\"widget\" data-widget_type=\"image.default\">\n\t\t\t\t<div class=\"elementor-widget-container\">\n\t\t\t\t\t\t\t\t\t\t\t\t\t\t\t<img loading=\"lazy\" decoding=\"async\" width=\"674\" height=\"290\" src=\"https:\/\/www.idealdent.net\/bredent-medical\/wp-content\/uploads\/2025\/04\/copaSKY_Upgrade_Kit-new.jpg\" class=\"attachment-large size-large wp-image-554\" alt=\"\" srcset=\"https:\/\/www.idealdent.net\/bredent-medical\/wp-content\/uploads\/2025\/04\/copaSKY_Upgrade_Kit-new.jpg 674w, https:\/\/www.idealdent.net\/bredent-medical\/wp-content\/uploads\/2025\/04\/copaSKY_Upgrade_Kit-new-300x129.jpg 300w, https:\/\/www.idealdent.net\/bredent-medical\/wp-content\/uploads\/2025\/04\/copaSKY_Upgrade_Kit-new-150x65.jpg 150w, https:\/\/www.idealdent.net\/bredent-medical\/wp-content\/uploads\/2025\/04\/copaSKY_Upgrade_Kit-new-480x207.jpg 480w\" sizes=\"(max-width:767px) 480px, 674px\" \/>\t\t\t\t\t\t\t\t\t\t\t\t\t\t\t<\/div>\n\t\t\t\t<\/div>\n\t\t\t\t<\/div>\n\t\t\t\t<\/div>\n\t\t\t\t<\/div>\n\t\t\t\t<\/div>\n\t\t\t\t\t<\/div>\n\t\t\t\t<\/div>\n\t\t<div class=\"elementor-element elementor-element-8661e70 e-flex e-con-boxed e-con e-parent\" data-id=\"8661e70\" data-element_type=\"container\">\n\t\t\t\t\t<div class=\"e-con-inner\">\n\t\t<div class=\"elementor-element elementor-element-a2a910e e-con-full e-flex e-con e-child\" data-id=\"a2a910e\" data-element_type=\"container\" data-settings=\"{&quot;background_background&quot;:&quot;classic&quot;}\">\n\t\t<div class=\"elementor-element elementor-element-e362d98 e-con-full e-flex e-con e-child\" data-id=\"e362d98\" data-element_type=\"container\">\n\t\t<div class=\"elementor-element elementor-element-929a75a e-con-full e-flex e-con e-child\" data-id=\"929a75a\" data-element_type=\"container\">\n\t\t\t\t<div class=\"elementor-element elementor-element-6b99063 elementor-widget elementor-widget-heading\" data-id=\"6b99063\" data-element_type=\"widget\" data-widget_type=\"heading.default\">\n\t\t\t\t<div class=\"elementor-widget-container\">\n\t\t\t\t\t<h2 class=\"elementor-heading-title elementor-size-default\">S\u00f6k\u00fclebilir drill'ler\n<\/h2>\t\t\t\t<\/div>\n\t\t\t\t<\/div>\n\t\t\t\t<div class=\"elementor-element elementor-element-528f235 elementor-widget elementor-widget-heading\" data-id=\"528f235\" data-element_type=\"widget\" data-widget_type=\"heading.default\">\n\t\t\t\t<div class=\"elementor-widget-container\">\n\t\t\t\t\t<h2 class=\"elementor-heading-title elementor-size-default\">S\u00f6k\u00fclebilir driller, OP-Tray yuvas\u0131ndaki bo\u015fluklar sayesinde anguldurva ile kolayca al\u0131nabilecek ve tek elle sabitlenebilecek \u015fekilde d\u00fczenlenmi\u015ftir. Uygun drill\u2019ler, k\u00fc\u00e7\u00fck par\u00e7alar i\u00e7in kolayca ve h\u0131zl\u0131 bir bi\u00e7imde kontrol edilebilir (yaln\u0131zca yeni OP-Tray SKY OT-100\u2019de).<br>\nDrilling derinli\u011fi implant uzunlu\u011fundan yakla\u015f\u0131k 0.7 mm daha b\u00fcy\u00fck.\n\n<\/h2>\t\t\t\t<\/div>\n\t\t\t\t<\/div>\n\t\t\t\t<\/div>\n\t\t<div class=\"elementor-element elementor-element-333c5c1 e-con-full e-flex e-con e-child\" data-id=\"333c5c1\" data-element_type=\"container\">\n\t\t\t\t<div class=\"elementor-element elementor-element-50dfd73 elementor-widget elementor-widget-image\" data-id=\"50dfd73\" data-element_type=\"widget\" data-widget_type=\"image.default\">\n\t\t\t\t<div class=\"elementor-widget-container\">\n\t\t\t\t\t\t\t\t\t\t\t\t\t\t\t<img loading=\"lazy\" decoding=\"async\" width=\"1024\" height=\"576\" src=\"https:\/\/www.idealdent.net\/bredent-medical\/wp-content\/uploads\/2025\/04\/OP-Tray-100-drills_background-1024x576.png\" class=\"attachment-large size-large wp-image-555\" alt=\"\" srcset=\"https:\/\/www.idealdent.net\/bredent-medical\/wp-content\/uploads\/2025\/04\/OP-Tray-100-drills_background-1024x576.png 1024w, https:\/\/www.idealdent.net\/bredent-medical\/wp-content\/uploads\/2025\/04\/OP-Tray-100-drills_background-300x169.png 300w, https:\/\/www.idealdent.net\/bredent-medical\/wp-content\/uploads\/2025\/04\/OP-Tray-100-drills_background-768x432.png 768w, https:\/\/www.idealdent.net\/bredent-medical\/wp-content\/uploads\/2025\/04\/OP-Tray-100-drills_background-1536x864.png 1536w, https:\/\/www.idealdent.net\/bredent-medical\/wp-content\/uploads\/2025\/04\/OP-Tray-100-drills_background-133x75.png 133w, https:\/\/www.idealdent.net\/bredent-medical\/wp-content\/uploads\/2025\/04\/OP-Tray-100-drills_background-480x270.png 480w, https:\/\/www.idealdent.net\/bredent-medical\/wp-content\/uploads\/2025\/04\/OP-Tray-100-drills_background.png 1920w\" sizes=\"(max-width:767px) 480px, (max-width:1024px) 100vw, 1024px\" \/>\t\t\t\t\t\t\t\t\t\t\t\t\t\t\t<\/div>\n\t\t\t\t<\/div>\n\t\t\t\t<\/div>\n\t\t\t\t<\/div>\n\t\t\t\t<\/div>\n\t\t\t\t\t<\/div>\n\t\t\t\t<\/div>\n\t\t<div class=\"elementor-element elementor-element-f5a3401 e-flex e-con-boxed e-con e-parent\" data-id=\"f5a3401\" data-element_type=\"container\">\n\t\t\t\t\t<div class=\"e-con-inner\">\n\t\t<div class=\"elementor-element elementor-element-e8d9aeb e-con-full e-flex e-con e-child\" data-id=\"e8d9aeb\" data-element_type=\"container\" data-settings=\"{&quot;background_background&quot;:&quot;classic&quot;}\">\n\t\t\t\t<div class=\"elementor-element elementor-element-c360a80 elementor-widget elementor-widget-heading\" data-id=\"c360a80\" data-element_type=\"widget\" data-widget_type=\"heading.default\">\n\t\t\t\t<div class=\"elementor-widget-container\">\n\t\t\t\t\t<h2 class=\"elementor-heading-title elementor-size-default\">Temizleme i\u015flemi\n<\/h2>\t\t\t\t<\/div>\n\t\t\t\t<\/div>\n\t\t\t\t<div class=\"elementor-element elementor-element-40b67e1 elementor-widget elementor-widget-image\" data-id=\"40b67e1\" data-element_type=\"widget\" data-widget_type=\"image.default\">\n\t\t\t\t<div class=\"elementor-widget-container\">\n\t\t\t\t\t\t\t\t\t\t\t\t\t\t\t<img loading=\"lazy\" decoding=\"async\" width=\"706\" height=\"600\" src=\"https:\/\/www.idealdent.net\/bredent-medical\/wp-content\/uploads\/2025\/04\/Thermo-Disinfector.png\" class=\"attachment-large size-large wp-image-556\" alt=\"\" srcset=\"https:\/\/www.idealdent.net\/bredent-medical\/wp-content\/uploads\/2025\/04\/Thermo-Disinfector.png 706w, https:\/\/www.idealdent.net\/bredent-medical\/wp-content\/uploads\/2025\/04\/Thermo-Disinfector-300x255.png 300w, https:\/\/www.idealdent.net\/bredent-medical\/wp-content\/uploads\/2025\/04\/Thermo-Disinfector-88x75.png 88w, https:\/\/www.idealdent.net\/bredent-medical\/wp-content\/uploads\/2025\/04\/Thermo-Disinfector-480x408.png 480w\" sizes=\"(max-width:767px) 480px, 706px\" \/>\t\t\t\t\t\t\t\t\t\t\t\t\t\t\t<\/div>\n\t\t\t\t<\/div>\n\t\t\t\t<\/div>\n\t\t\t\t\t<\/div>\n\t\t\t\t<\/div>\n\t\t\t\t<\/div>\n\t\t","protected":false},"excerpt":{"rendered":"<p>T\u00fcm SKY implant sistemi i\u00e7in tek set OP Tray OT 100, SKY implantlar\u0131n\u0131n tamam\u0131n\u0131 idare etmenizi ve kullanman\u0131z\u0131 sa\u011flar. Yeni, ultra k\u0131sa copaSKY implant sistemi dahil<span class=\"excerpt-hellip\"> [\u2026]<\/span><\/p>\n","protected":false},"author":2,"featured_media":0,"parent":0,"menu_order":0,"comment_status":"closed","ping_status":"closed","template":"elementor_header_footer","meta":{"inline_featured_image":false,"footnotes":""},"class_list":["post-546","page","type-page","status-publish","hentry"],"_links":{"self":[{"href":"https:\/\/www.idealdent.net\/bredent-medical\/wp-json\/wp\/v2\/pages\/546","targetHints":{"allow":["GET"]}}],"collection":[{"href":"https:\/\/www.idealdent.net\/bredent-medical\/wp-json\/wp\/v2\/pages"}],"about":[{"href":"https:\/\/www.idealdent.net\/bredent-medical\/wp-json\/wp\/v2\/types\/page"}],"author":[{"embeddable":true,"href":"https:\/\/www.idealdent.net\/bredent-medical\/wp-json\/wp\/v2\/users\/2"}],"replies":[{"embeddable":true,"href":"https:\/\/www.idealdent.net\/bredent-medical\/wp-json\/wp\/v2\/comments?post=546"}],"version-history":[{"count":7,"href":"https:\/\/www.idealdent.net\/bredent-medical\/wp-json\/wp\/v2\/pages\/546\/revisions"}],"predecessor-version":[{"id":562,"href":"https:\/\/www.idealdent.net\/bredent-medical\/wp-json\/wp\/v2\/pages\/546\/revisions\/562"}],"wp:attachment":[{"href":"https:\/\/www.idealdent.net\/bredent-medical\/wp-json\/wp\/v2\/media?parent=546"}],"curies":[{"name":"wp","href":"https:\/\/api.w.org\/{rel}","templated":true}]}}